{"id":66,"date":"2023-06-05T13:11:01","date_gmt":"2023-06-05T19:11:01","guid":{"rendered":"https:\/\/upap.mx\/?page_id=66"},"modified":"2023-06-05T13:11:35","modified_gmt":"2023-06-05T19:11:35","slug":"vision","status":"publish","type":"page","link":"https:\/\/upap.mx\/?page_id=66","title":{"rendered":"Visi\u00f3n"},"content":{"rendered":"\n<p>Ser una instituci\u00f3n con reconocimiento en la formaci\u00f3n de alumnos comprometidos con los valores inculcados durante su preparaci\u00f3n y que respondan a las necesidades y expectativas de un nivel superior.\u00a0<\/p>\n","protected":false},"excerpt":{"rendered":"<p>Ser una instituci\u00f3n con reconocimiento en la formaci\u00f3n de alumnos comprometidos con los valores inculcados durante su preparaci\u00f3n y que &hellip; <\/p>\n","protected":false},"author":1,"featured_media":0,"parent":0,"menu_order":0,"comment_status":"closed","ping_status":"closed","template":"","meta":[],"_links":{"self":[{"href":"https:\/\/upap.mx\/index.php?rest_route=\/wp\/v2\/pages\/66"}],"collection":[{"href":"https:\/\/upap.mx\/index.php?rest_route=\/wp\/v2\/pages"}],"about":[{"href":"https:\/\/upap.mx\/index.php?rest_route=\/wp\/v2\/types\/page"}],"author":[{"embeddable":true,"href":"https:\/\/upap.mx\/index.php?rest_route=\/wp\/v2\/users\/1"}],"replies":[{"embeddable":true,"href":"https:\/\/upap.mx\/index.php?rest_route=%2Fwp%2Fv2%2Fcomments&post=66"}],"version-history":[{"count":2,"href":"https:\/\/upap.mx\/index.php?rest_route=\/wp\/v2\/pages\/66\/revisions"}],"predecessor-version":[{"id":73,"href":"https:\/\/upap.mx\/index.php?rest_route=\/wp\/v2\/pages\/66\/revisions\/73"}],"wp:attachment":[{"href":"https:\/\/upap.mx\/index.php?rest_route=%2Fwp%2Fv2%2Fmedia&parent=66"}],"curies":[{"name":"wp","href":"https:\/\/api.w.org\/{rel}","templated":true}]}}