{"id":80,"date":"2023-06-05T13:19:55","date_gmt":"2023-06-05T19:19:55","guid":{"rendered":"https:\/\/upap.mx\/?page_id=80"},"modified":"2023-06-05T13:22:09","modified_gmt":"2023-06-05T19:22:09","slug":"servicios-de-apoyo","status":"publish","type":"page","link":"https:\/\/upap.mx\/?page_id=80","title":{"rendered":"Servicios de apoyo"},"content":{"rendered":"\n<p>La preocupaci\u00f3n por la educaci\u00f3n va unida a mejorar la calidad de vida de nuestros alumnos, derivado del horario y las necesidades de los estudiantes, desde el origen de la UPAP, se han implementado diferentes servicios para proporcionar una atenci\u00f3n integral tales como:&nbsp;<\/p>\n\n\n\n<p><strong>Servicio m\u00e9dico y odontol\u00f3gico\u00a0<\/strong><\/p>\n\n\n\n<ul>\n<li>Responsables de la salud de los alumnos y del personal, sus principales funciones son:&nbsp;<\/li>\n<\/ul>\n\n\n\n<ul>\n<li>Elaboraci\u00f3n de la historia cl\u00ednica.&nbsp;<\/li>\n\n\n\n<li>Aplicaci\u00f3n y registro de vacunas.&nbsp;<\/li>\n\n\n\n<li>Seguimiento de enfermedades y tratamientos de los alumnos desde su ingreso a la instituci\u00f3n.&nbsp;<\/li>\n\n\n\n<li>Campa\u00f1as de higiene, salud, as\u00ed como de alimentaci\u00f3n.&nbsp;<\/li>\n<\/ul>\n\n\n\n<p><strong>Servicio de alimentos\u00a0<\/strong><\/p>\n\n\n\n<p>A todos los alumnos se les brinda desayuno y comida empleando insumos producidos en la hortaliza de la instituci\u00f3n por los propios alumnos y con la participaci\u00f3n de padres en su preparaci\u00f3n.&nbsp;<\/p>\n\n\n\n<p><strong>Servicio de peluquer\u00eda\u00a0<\/strong><\/p>\n\n\n\n<p>De manera permanente se lleva a cabo el corte de pelo de los alumnos para mejorar su presencia y favorecer su higiene personal.&nbsp;<\/p>\n\n\n\n<p><strong>Departamento de psicolog\u00eda\u00a0<\/strong><\/p>\n\n\n\n<p>Brinda la atenci\u00f3n necesaria para resolver problemas de aprendizaje, mejora de relaciones familiares, promoviendo el desarrollo de habilidades socioemocionales lo cual permite dar un seguimiento a los casos particulares que afectan el rendimiento acad\u00e9mico de los alumnos.&nbsp;<\/p>\n\n\n\n<p><strong>Escuela para padres\u00a0<\/strong><\/p>\n\n\n\n<p>A partir de 1992 se implementa Escuela para Padres, donde principalmente se trabaj\u00f3 en la alfabetizaci\u00f3n de adultos, talleres de superaci\u00f3n personal y autoestima, las actividades de alfabetizaci\u00f3n y educaci\u00f3n b\u00e1sica para adultos se llevaron al complejo industrial en coordinaci\u00f3n con INEA.&nbsp;<\/p>\n\n\n\n<p>En la actualidad en la Escuela para Padres se les imparten talleres de capacitaci\u00f3n en corte y confecci\u00f3n, corte de pelo, reposter\u00eda, bisuter\u00eda, tejido y deshilado, bordado de list\u00f3n y pintura, conocimientos que les permite obtener ingresos adicionales para el bienestar familiar.&nbsp;<\/p>\n\n\n\n<p>Otra \u00e1rea en donde se observa la presencia de la familia es desarrollando actividades en el \u00e1rea de hortaliza; quitando maleza, preparando terrenos, sembrando hortalizas, atendiendo otra visi\u00f3n del Ing. Peralta, buscando que los alumnos no solo adquieran conocimientos t\u00e9cnicos y tecnol\u00f3gicos, tambi\u00e9n deben conocer el trabajo materno de la regi\u00f3n mazahua \u201cLa agricultura\u201d.&nbsp;<\/p>\n","protected":false},"excerpt":{"rendered":"<p>La preocupaci\u00f3n por la educaci\u00f3n va unida a mejorar la calidad de vida de nuestros alumnos, derivado del horario y &hellip; <\/p>\n","protected":false},"author":1,"featured_media":0,"parent":0,"menu_order":0,"comment_status":"closed","ping_status":"closed","template":"","meta":[],"_links":{"self":[{"href":"https:\/\/upap.mx\/index.php?rest_route=\/wp\/v2\/pages\/80"}],"collection":[{"href":"https:\/\/upap.mx\/index.php?rest_route=\/wp\/v2\/pages"}],"about":[{"href":"https:\/\/upap.mx\/index.php?rest_route=\/wp\/v2\/types\/page"}],"author":[{"embeddable":true,"href":"https:\/\/upap.mx\/index.php?rest_route=\/wp\/v2\/users\/1"}],"replies":[{"embeddable":true,"href":"https:\/\/upap.mx\/index.php?rest_route=%2Fwp%2Fv2%2Fcomments&post=80"}],"version-history":[{"count":2,"href":"https:\/\/upap.mx\/index.php?rest_route=\/wp\/v2\/pages\/80\/revisions"}],"predecessor-version":[{"id":85,"href":"https:\/\/upap.mx\/index.php?rest_route=\/wp\/v2\/pages\/80\/revisions\/85"}],"wp:attachment":[{"href":"https:\/\/upap.mx\/index.php?rest_route=%2Fwp%2Fv2%2Fmedia&parent=80"}],"curies":[{"name":"wp","href":"https:\/\/api.w.org\/{rel}","templated":true}]}}